*3 + t**2 - 2*t - 1. Let g(r) = -c(r) + 4*z(r). Is g(4) composite?
False
Suppose v = -2*u - 87, -2*u + 6*u + 5*v + 165 = 0. Is ((-1)/3)/(u/145395) composite?
True
Let g(s) = 23297*s - 3 - 23296*s - 1 + 10*s**2. Suppose 3*h - 2*j + 19 = 0, h + 4*j + 4 = -21. Is g(h) composite?
False
Let k be 24 - ((-11)/(-3) + (-5)/(-15)). Let t be (-3)/15*-2136 + (-4)/k. Suppose 22 = a - t. Is a composite?
False
Is ((-1 - 0)/((-2)/19))/(200/31600) prime?
False
Suppose -56*x + 10162275 = 18*x + x. Is x prime?
True
Suppose 0 = 20*o - 19*o - 10. Let g(m) = 7*m**2 - 8*m + 21. Is g(o) a composite number?
False
Let y = -22030 - -31307. Is (-1 + 2)/1*y a composite number?
False
Suppose 14*o = 13*o - 1268. Let h = o + 2103. Is h a prime number?
False
Let i = -1932916 + 3152985. Is i a prime number?
False
Let t = 72 + -80. Let h be 0 - (5 - t/(-4)). Is (1756/8)/(5*h/(-150)) prime?
False
Suppose -3112 = -t + 1704. Suppose -t = -6*v + 518. Is v a prime number?
False
Let f = -1 + 4. Let v(n) = 1377*n - 23. Let o(z) = 2740*z - 45. Let l(j) = 3*o(j) - 5*v(j). Is l(f) composite?
True
Suppose 2*x - 3*y + 9 = 1, 2*y + 18 = -x. Let j(a) = 3*a**3 + 14*a**2 + 3*a + 1. Let r(o) = -o**3. Let d(c) = j(c) + 2*r(c). Is d(x) prime?
False
Suppose 0 = -0*n - 14*n - 98. Is (-14 - 0)/(n + 26697/3817) composite?
True
Let f(j) = 258989*j + 1831. Is f(2) a composite number?
True
Let v be (-17 - 1) + -2 + 3. Let a = v - 40. Is -5 - -1 - 296/8*a a prime number?
False
Suppose 0 = -3*v + 3*h + 3189, 28*h - 25*h - 18 = 0. Suppose 0 = 5*a + 5*x - 130, a + x = -3*x + 41. Suppose a*m - v = 20*m. Is m a composite number?
False
Let s(c) = -3799*c - 1879. Is s(-18) a composite number?
True
Suppose o - 8 = -t, -5*o + 2*t + 16 = -t. Suppose 3*v - 4196 = -o*i, 1271 = 3*v + i - 2921. Is v a prime number?
False
Suppose 4*k - 3*k - 13 = 0. Let h(q) = 190*q + 44. Let x be h(k). Suppose f - r = 528 + 735, 2*f - x = -r. Is f a prime number?
True
Let n be (100/12)/(1468/732 + -2). Suppose -2*d + 1571 = -n. Let h = d - 461. Is h composite?
False
Let l = -734370 + 1445767. Is l a composite number?
False
Suppose -23*v + 26*v = 4*o + 73017, 97382 = 4*v - o. Is v a composite number?
True
Let w(t) = 34*t**3 + 30*t**2 + 9*t - 11. Let i be w(11). Suppose -10*l = 4*l + i. Let j = 5321 + l. Is j prime?
True
Let o = -328542 - -575707. Is o a composite number?
True
Let i(a) be the first derivative of a**4/4 + 32*a**3/3 + 12*a**2 + 29*a - 51. Is i(-14) prime?
True
Suppose o - 3090 = 4*k, -15433 = -5*o + 2*k + k. Suppose 2*g - 4*g + o = 0. Is g composite?
False
Suppose 4 = -u, 5*p + 4*u = 62450 + 132119. Is p a prime number?
True
Suppose -14*a = -6*a - 262512. Suppose 0 = -13*k + a + 4067. Is k a composite number?
False
Let n(o) = -15*o - 2 + 4*o + 10*o**2 + 7*o - 769*o**3 - 6 + 2*o. Is n(-3) a composite number?
True
Suppose -13*o - 24*o + 6*o = 0. Suppose 43*v + 3*v - 15364 = o. Is v a composite number?
True
Is (-12)/162 + (-1153614)/(-162) prime?
True
Let x = 338191 + -91208. Is x a composite number?
True
Let o(i) = -11*i - 172. Let t be o(-16). Suppose t*z + 4576 = 3*v + 61334, v + 70953 = 5*z. Is z composite?
True
Suppose 4*u = -3*b + 3549 + 4135, 3*b - 7681 = -u. Let p = 3838 - b. Suppose -647 = -0*r - r + 3*h, 2*r + 2*h = p. Is r composite?
False
Suppose -88*x + 3*g = -90*x + 477700, -4*g = 2*x - 477694. Is x composite?
False
Let d be (-142526 - -5)*(3 + -4). Let z = d + -94184. Is z a composite number?
False
Let p = -37 - -37. Suppose p*r = -18*r + 105426. Is r a prime number?
True
Let p(s) = -89*s - 50. Let a be p(-4). Let i = a + 1331. Is i composite?
False
Let n = 50634 + -26195. Is n composite?
False
Suppose 4*o - 585151 = -2*a + 94799, -3*a = -3. Is o a prime number?
True
Let j(g) = -2183*g - 3 + 1718*g - 16. Let b = 5 + -9. Is j(b) a composite number?
True
Let m(c) = 5565*c**2 - 9*c + 14. Let f be m(2). Suppose -f = -4*u + k, 3*k - 24617 = -4*u - 2377. Is u a prime number?
True
Let a(x) = 161*x**2 - 3*x - 9. Let m = 246 - 176. Let q = m - 74. Is a(q) prime?
True
Let k(q) = -q**3 - 14*q**2 + 16*q + 11. Let p be k(-15). Is p/14 - (-202904)/56 a composite number?
False
Let k(w) = w**2 + w + 12619. Let p be k(0). Suppose 3*l = -2*c + p, -4*l + 0*l + 5*c + 16833 = 0. Is l a composite number?
True
Let q(g) be the second derivative of -10*g**3 + 11*g**2/2 - g. Suppose k - 4*u + 12 = 0, 0 = 5*k - 4*u + 7 + 37. Is q(k) prime?
True
Suppose -2*z - 3*i + 31844 = -i, 0 = -4*z + 4*i + 63696. Suppose 2*x = -5*y - 4880 + z, 0 = 3*x - y - 16522. Is x a composite number?
True
Let d be 75/6*((-53532)/(-5))/3. Suppose 27*t = 21*t + d. Is t prime?
False
Let i(m) = 670*m + 314. Let v be i(6). Let b = 5183 + v. Is b a composite number?
True
Let x = 50 - 45. Suppose -3*r + 13 = x*z, 0 = 2*z - 5*r + 3 - 2. Suppose 0*b = -z*b + 3898. Is b a composite number?
False
Let y(a) = 5*a**2 + 2*a - 2. Suppose -2*p = 6, -15 + 4 = -5*z + 2*p. Suppose 0 = -2*i - 21 - z. Is y(i) a prime number?
False
Suppose 2*v + 4 = 2, 5*o - 2*v = 12. Suppose -3*b - 15 = 0, 1 = 2*i + b + o. Is ((-66)/55)/(i/(-1765)) a prime number?
False
Let m = -22 + 20. Let g be (-8)/m + -1 + 0. Suppose g*i - 675 = -0*i + 3*p, p + 1117 = 5*i. Is i a prime number?
True
Let m(r) = 33*r + 73. Let b be 54/135 - (-103)/5. Is m(b) prime?
False
Let w(h) = 55*h**2 - 183*h + 61. Is w(-41) a prime number?
True
Let i(t) = -6*t**2 + 20*t + 14. Let u(m) = -2*m**2 + 7*m + 5. Let q(h) = -5*i(h) + 14*u(h). Let j be q(-1). Is -161*(-4)/(-6)*(-6)/j a prime number?
False
Let b(a) = 3*a**3 + 135*a**2 + 255*a - 125. Let f be b(-43). Let n = -2 + 5. Suppose -n*j - x + 1265 = 0, 4*j + f*x = 8*j - 1692. Is j a composite number?
True
Suppose 11*h - 15 = 6*h. Suppose -h*j = -8*j - i + 76, 4*j - i = 59. Suppose j*u = 12*u + 1059. Is u a composite number?
False
Suppose -15*j + 19*j = -4300. Let x = 362 + j. Let i = x + 2346. Is i a composite number?
True
Let a(p) = 160*p - 562. Let f(n) = 81*n - 280. Let w(k) = -3*a(k) + 5*f(k). Is w(-21) composite?
False
Let q be ((-3)/4)/((-2)/1184). Suppose 5*p - 4*k - 2226 = 0, -p + 477 = 2*k + 29. Suppose -p = -5*r - 2*s + s, -s = -5*r + q. Is r prime?
True
Suppose 2*o - 2666 - 25128 = 0. Suppose 0 = 5*k + 377 - o. Let p = -1697 + k. Is p a composite number?
True
Let o = -220719 - -372202. Is o prime?
True
Let d be 8/44 - 894999/33. Let t = d - -79809. Is 2/(-3) - t/(-48) a composite number?
False
Let v(x) = x**2 - x + 2. Let y be v(2). Suppose -5*d + 2*o = -31, -5*d + 40 = -o - y*o. Suppose 5*g + 133 + 141 = 2*q, -147 = -q + d*g. Is q prime?
True
Let s(c) = -651*c. Let x be s(-2). Let g = x - -475. Is g prime?
True
Suppose a - 5184 + 686511 = 5*j, 5*j - 681335 = 5*a. Suppose -y - j = 4*i - 18884, -3*i + 352098 = -3*y. Is (y/(-5))/7 - (-4)/(-10) composite?
True
Let p be ((-24)/(0 + 3))/2. Let d be p/(-1) - (28 + -20). Let x(k) = -18*k**3 + 4*k + 5. Is x(d) a composite number?
True
Let v(w) = -w**2 - 3*w. Let g(k) = 77*k**2 - 11*k - 37. Let n(s) = g(s) - 6*v(s). Is n(15) composite?
False
Let y(d) = 10*d - 9*d**2 - 23 - 11*d + 0*d**2 + 2*d**3 + 11*d. Is y(6) composite?
True
Let l = -26 + -2. Let u be (-7)/l - 325/4. Is (0 - (-1282)/4) + u/54 prime?
False
Let l(d) = -2079*d - 2221. Is l(-88) composite?
False
Let m be 2/(-5) + (-1027312)/(-55). Let n = -12559 + m. Is n a composite number?
True
Is 220745 - (-2)/(-2) - (-40 - (56 - 99)) a prime number?
False
Suppose 4*v - 5*v + 8*c = -14091, -c - 28107 = -2*v. Is v composite?
False
Let q(t) = 49*t - 55 + 112*t - 30 + 30. Is q(13) a prime number?
False
Let o(x) = -x**3 - 9*x**2 + 2*x + 5. Let b be o(-9). Is -5 + b/(13/(-1996)) a prime number?
False
Suppose 0 = -0*t + 2*t + 9*t. Suppose 13*n - 16*n + 5637 = t. Is n prime?
True
Let w(c) = -c**3 + 6*c**2 + 5*c + 16. Let y be w(7). Suppose 5*u - 9*u + i = -1528, y*u = 4*i + 778. Is u composite?
True
Suppose -952 = -2*p - 914. Suppose 0 = 23*y + p*y - 799386. Is y a prime number?
False
Suppose -17*r + 213178 = -1645177. Is r prime?
False
Let f be 1/((-46)/(-805)*(-1)/4). Let m be (34/(-10) - 0) + (-15)/25. Is (f/21 + 4)/(m/(-6666)) a composite number?
True
Suppose i - 7*v - 828 = -2*v, 5*i - 4228 = 3*v. Let c = 7899 - i. Is c a prime number?
False
Suppose 5*j + 5 = 6*j. Suppose -17 = -j*g - 17. Suppose -5*n - 3*d - d = -2061, n + 2*d - 411 = g. Is n a composite number?
True
Let